559?
False
Is 60 a factor of 243162?
False
Is 226 a factor of 28673072?
True
Is 72265 a multiple of 11?
False
Is 69 a factor of 10439286?
True
Is 28 a factor of 866105?
False
Is 654038 a multiple of 140?
False
Does 335 divide 1979180?
True
Is 3224234 a multiple of 29?
False
Is 1114588 a multiple of 17?
True
Does 81 divide 3574854?
True
Does 15 divide 1026?
False
Does 92 divide 2442784?
True
Is 5829716 a multiple of 743?
False
Does 56 divide 832844?
False
Is 18473224 a multiple of 26?
False
Does 21 divide 81154?
False
Is 217 a factor of 15709932?
True
Is 152592 a multiple of 146?
False
Is 34 a factor of 136102?
True
Does 52 divide 15184?
True
Does 38 divide 1742984?
True
Does 13 divide 145797?
False
Is 23 a factor of 316020?
True
Is 668883 a multiple of 177?
True
Is 229320 a multiple of 18?
True
Does 1858 divide 2051232?
True
Does 532 divide 1885881?
False
Does 75 divide 829905?
False
Is 800312 a multiple of 71?
True
Is 136995 a multiple of 21?
False
Is 10 a factor of 28760?
True
Does 217 divide 113838?
False
Is 920286 a multiple of 129?
True
Is 77 a factor of 337487?
False
Does 1780 divide 1392465?
False
Is 7478 a multiple of 2?
True
Is 80516 a multiple of 31?
False
Is 511982 a multiple of 415?
False
Is 37669 a multiple of 71?
False
Is 174 a factor of 144485?
False
Is 212400 a multiple of 240?
True
Does 48 divide 137424?
True
Is 9 a factor of 287649?
True
Does 11 divide 793375?
True
Is 64 a factor of 656576?
True
Is 9351672 a multiple of 199?
False
Is 777070 a multiple of 70?
True
Is 60622 a multiple of 317?
False
Does 16 divide 46864?
True
Is 109 a factor of 523086?
False
Is 5784600 a multiple of 20?
True
Does 16 divide 188608?
True
Does 908 divide 9267956?
True
Is 331 a factor of 12645524?
True
Is 51 a factor of 81600?
True
Is 622 a factor of 660564?
True
Is 748251 a multiple of 21?
True
Is 1382155 a multiple of 19?
True
Does 14 divide 38612?
True
Is 69314 even?
True
Is 4775118 a multiple of 9?
False
Does 48 divide 103392?
True
Is 893086 a multiple of 10?
False
Is 368 a factor of 205344?
True
Is 260820 a multiple of 115?
True
Is 748632 a multiple of 12?
True
Is 4357640 a multiple of 129?
False
Is 5083842 a multiple of 126?
False
Does 690 divide 534199?
False
Is 7935643 a multiple of 658?
False
Is 136 a factor of 322417?
False
Is 116 a factor of 25301?
False
Does 886 divide 16279204?
False
Does 60 divide 1332600?
True
Does 1081 divide 12105304?
False
Is 429839 a multiple of 21?
False
Is 8 a factor of 1492288?
True
Is 32 a factor of 7785?
False
Does 406 divide 1819152?
False
Is 2621424 a multiple of 8?
True
Is 262704 a multiple of 78?
True
Is 37 a factor of 728762?
False
Is 100 a factor of 224500?
True
Is 778 a factor of 258836?
False
Does 140 divide 388080?
True
Is 92 a factor of 209208?
True
Is 38 a factor of 2537450?
True
Is 221 a factor of 114988?
False
Is 742595 a multiple of 272?
False
Is 4980258 a multiple of 27?
True
Is 10 a factor of 365770?
True
Is 1796944 a multiple of 127?
False
Is 441 a factor of 4409251?
False
Does 253 divide 438977?
False
Is 1584300 a multiple of 15?
True
Is 245 a factor of 186200?
True
Is 633 a factor of 1183077?
True
Is 23 a factor of 3156796?
True
Is 927249 a multiple of 176?
False
Does 7 divide 1874229?
True
Does 63 divide 288351?
True
Is 1434332 a multiple of 125?
False
Is 33777 a multiple of 52?
False
Is 12 a factor of 31983?
False
Is 1495587 a multiple of 188?
False
Does 107 divide 474605?
False
Is 43 a factor of 941344?
False
Is 524 a factor of 397285?
False
Is 38 a factor of 85297?
False
Is 98609 a multiple of 114?
False
Does 441 divide 359085?
False
Is 42 a factor of 138642?
True
Does 22 divide 5497330?
False
Is 540 a factor of 1450116?
False
Does 7 divide 22188?
False
Is 28 a factor of 157001?
False
Does 279 divide 16619046?
False
Does 698 divide 11231144?
False
Is 12 a factor of 8724?
True
Is 1931866 a multiple of 79?
True
Is 9 a factor of 384444?
True
Does 31 divide 336288?
True
Is 190376 a multiple of 120?
False
Is 49 a factor of 1790534?
False
Is 231 a factor of 484251?
False
Is 108262 a multiple of 266?
True
Is 261 a factor of 437179?
False
Is 4 a factor of 135871?
False
Is 7 a factor of 6439902?
True
Is 22 a factor of 1760?
True
Is 102090 a multiple of 358?
False
Is 243800 a multiple of 23?
True
Is 851 a factor of 610167?
True
Is 4031743 a multiple of 782?
False
Is 13 a factor of 111189?
True
Does 9 divide 1019988?
True
Does 8 divide 6048?
True
Is 14124 a multiple of 12?
True
Is 1884 a multiple of 84?
False
Is 180486 a multiple of 333?
True
Does 22 divide 5729059?
False
Is 15 a factor of 874913?
False
Is 10240380 a multiple of 90?
True
Is 1014603 a multiple of 127?
True
Is 16 a factor of 8444?
False
Is 19 a factor of 1596698?
False
Does 38 divide 2648524?
True
Does 1723 divide 5222005?
False
Is 172236 a multiple of 31?
True
Is 26 a factor of 7574970?
True
Is 31 a factor of 1079765?
False
Is 985992 a multiple of 56?
True
Is 4 a factor of 655561?
False
Is 97749 a multiple of 5?
False
Is 116 a factor of 27168?
False
Is 16 a factor of 15424?
True
Is 12137100 a multiple of 1759?
True
Does 119 divide 373303?
True
Is 946 a factor of 1962004?
True
Does 17 divide 391853?
False
Is 18 a factor of 6445580?
False
Is 148 a factor of 271063?
False
Is 29041 a multiple of 5?
False
Does 37 divide 9528499?
True
Does 3 divide 378291?
True
Is 2434465 a multiple of 109?
False
Does 12 divide 4189080?
True
Does 449 divide 9141191?
True
Does 259 divide 221704?
True
Does 563 divide 1169265?
False
Does 315 divide 1731555?
True
Is 249975 a multiple of 14?
False
Does 312 divide 246764?
False
Does 27 divide 208918?
False
Is 2757 a factor of 7744413?
True
Is 127 a factor of 131445?
True
Is 251 a factor of 310738?
True
Is 562240 a multiple of 224?
True
Does 12 divide 137297?
False
Is 172 a factor of 645919?
False
Is 60047 a multiple of 114?
False
Is 250 a factor of 1607750?
True
Is 10 a factor of 18810?
True
Does 106 divide 2963939?
False
Is 63 a factor of 1706253?
False
Does 15 divide 113700?
True
Is 300687 a multiple of 37?
False
Is 552607 a multiple of 3?
False
Is 72172 a multiple of 13?
False
Does 41 divide 1756181?
False
Is 2655 a multiple of 14?
False
Is 144 a factor of 117792?
True
Is 18707 a multiple of 13?
True
Is 99126 a multiple of 47?
False
Is 193 a factor of 1599584?
True
Does 2 divide 598315?
False
Is 51084 a multiple of 11?
True
Is 498910 a multiple of 10?
True
Is 2 a factor of 13954?
True
Does 27 divide 92420?
False
Does 9 divide 13043?
False
Does 70 divide 21420?
True
Is 74 a factor of 6900426?
True
Does 49 divide 53199?
False
Is 109 a factor of 69978?
True
Is 1495483 a multiple of 253?
True
Is 1006065 a multiple of 3?
True
Is 60 a factor of 12613388?
False
Does 319 divide 61567?
True
Is 110 a factor of 245740?
True
Is 118480 a multiple of 10?
True
Is 497 a factor of 683375?
True
Does 19 divide 4802497?
True
Is 241 a factor of 19210?
False
Is 40 a factor of 890280?
True
Is 6592455 a multiple of 47?
True
Is 348279 a multiple of 51?
True
Does 30 divide 42450?
True
Is 866430 a multiple of 18?
True
Is 5 a factor of 458185?
True
Is 1762882 a multiple of 22?
True
Does 8 divide 33202?
False
Is 169 a factor of 849056?
True
Does 19 divide 184138?
False
Is 52988 a multiple of 4?
True
Is 68707 a multiple of 19?
False
Is 233 a factor of 836225?
False
Does 172 divide 6575216?
True
Does 301 divide 295250?
False
Is 587 even?
False
Is 8368234 a multiple of 30?
False
Is 121 a factor of 20086?
True
Is 133354 a multiple of 358?
False
Is 477360 a multiple of 680?
True
Is 1701140 a multiple of 290?
True
Does 1115 divide 1148450?
True
Does 326 divide 118304?
False
Is 19 a factor of 3594154?
True
Is 109 a factor of 174415?
False
Is 1041631 a multiple of 366?
False
Is 3219566 a multiple of 497?
True
Does 20 divide 12120?
True
Is 743 a factor of 2035077?
True
Does 14 divide 242347?
False
Does 14 divide 595756?
True
Is 100528 a multiple of 11?
False
Is 44 a factor of 7818756?
True
Is 77128 a multiple of 39?
False
Does 19 divide 6513119?
False
Is 52994 a multiple of 99?
False
Is 100 a factor of 210872?
False
Is 150 a factor of 88800?
True
Is 335862 a multiple of 21?
False
Does 34 divide 16003?
False
Does 18 divide 5015046?
False
Is 835 a factor of 4108175?
False
Is 12 a factor of 3868493?
False
Is 752468 a multiple of 6?
False
Is 2